{"id":1173,"date":"2021-10-04T08:27:14","date_gmt":"2021-10-04T06:27:14","guid":{"rendered":"https:\/\/www.salipiste.fi\/?page_id=1173"},"modified":"2025-08-30T11:46:09","modified_gmt":"2025-08-30T09:46:09","slug":"kurssit","status":"publish","type":"page","link":"https:\/\/www.salipiste.fi\/index.php\/en\/kurssit\/","title":{"rendered":"Kurssit, verstaat ja valmennusryhm\u00e4t"},"content":{"rendered":"\t\t<div data-elementor-type=\"wp-page\" data-elementor-id=\"1173\" class=\"elementor elementor-1173\">\n\t\t\t\t\t\t<section class=\"elementor-section elementor-top-section elementor-element elementor-element-54b33c8 elementor-section-boxed elementor-section-height-default elementor-section-height-default\" data-id=\"54b33c8\" data-element_type=\"section\">\n\t\t\t\t\t\t<div class=\"elementor-container elementor-column-gap-default\">\n\t\t\t\t\t<div class=\"elementor-column elementor-col-100 elementor-top-column elementor-element elementor-element-5a3b2d6\" data-id=\"5a3b2d6\" data-element_type=\"column\">\n\t\t\t<div class=\"elementor-widget-wrap\">\n\t\t\t\t\t\t\t<\/div>\n\t\t<\/div>\n\t\t\t\t\t<\/div>\n\t\t<\/section>\n\t\t\t\t<section class=\"elementor-section elementor-top-section elementor-element elementor-element-c14adb6 elementor-section-boxed elementor-section-height-default elementor-section-height-default\" data-id=\"c14adb6\" data-element_type=\"section\">\n\t\t\t\t\t\t<div class=\"elementor-container elementor-column-gap-default\">\n\t\t\t\t\t<div class=\"elementor-column elementor-col-100 elementor-top-column elementor-element elementor-element-4b7d1bf\" data-id=\"4b7d1bf\" data-element_type=\"column\">\n\t\t\t<div class=\"elementor-widget-wrap elementor-element-populated\">\n\t\t\t\t\t\t<div class=\"elementor-element elementor-element-cc1fd55 elementor-widget elementor-widget-spacer\" data-id=\"cc1fd55\" data-element_type=\"widget\" data-widget_type=\"spacer.default\">\n\t\t\t\t<div class=\"elementor-widget-container\">\n\t\t\t\t\t\t\t<div class=\"elementor-spacer\">\n\t\t\t<div class=\"elementor-spacer-inner\"><\/div>\n\t\t<\/div>\n\t\t\t\t\t\t<\/div>\n\t\t\t\t<\/div>\n\t\t\t\t<div class=\"elementor-element elementor-element-b242c92 elementor-widget elementor-widget-heading\" data-id=\"b242c92\" data-element_type=\"widget\" data-widget_type=\"heading.default\">\n\t\t\t\t<div class=\"elementor-widget-container\">\n\t\t\t\t\t<h1 class=\"elementor-heading-title elementor-size-xl\">Kurssit, verstaat ja valmennusryhm\u00e4t<\/h1>\t\t\t\t<\/div>\n\t\t\t\t<\/div>\n\t\t\t\t\t<\/div>\n\t\t<\/div>\n\t\t\t\t\t<\/div>\n\t\t<\/section>\n\t\t\t\t<section class=\"elementor-section elementor-top-section elementor-element elementor-element-4c14444 elementor-section-boxed elementor-section-height-default elementor-section-height-default\" data-id=\"4c14444\" data-element_type=\"section\">\n\t\t\t\t\t\t<div class=\"elementor-container elementor-column-gap-default\">\n\t\t\t\t\t<div class=\"elementor-column elementor-col-100 elementor-top-column elementor-element elementor-element-688b500\" data-id=\"688b500\" data-element_type=\"column\">\n\t\t\t<div class=\"elementor-widget-wrap elementor-element-populated\">\n\t\t\t\t\t\t<div class=\"elementor-element elementor-element-4f2f60d elementor-widget-divider--view-line elementor-widget elementor-widget-divider\" data-id=\"4f2f60d\" data-element_type=\"widget\" data-widget_type=\"divider.default\">\n\t\t\t\t<div class=\"elementor-widget-container\">\n\t\t\t\t\t\t\t<div class=\"elementor-divider\">\n\t\t\t<span class=\"elementor-divider-separator\">\n\t\t\t\t\t\t<\/span>\n\t\t<\/div>\n\t\t\t\t\t\t<\/div>\n\t\t\t\t<\/div>\n\t\t\t\t\t<\/div>\n\t\t<\/div>\n\t\t\t\t\t<\/div>\n\t\t<\/section>\n\t\t\t\t<section class=\"elementor-section elementor-top-section elementor-element elementor-element-d1fde1f elementor-hidden-desktop elementor-hidden-tablet elementor-hidden-mobile elementor-section-boxed elementor-section-height-default elementor-section-height-default\" data-id=\"d1fde1f\" data-element_type=\"section\">\n\t\t\t\t\t\t<div class=\"elementor-container elementor-column-gap-default\">\n\t\t\t\t\t<div class=\"elementor-column elementor-col-50 elementor-top-column elementor-element elementor-element-75d1e6d\" data-id=\"75d1e6d\" data-element_type=\"column\">\n\t\t\t<div class=\"elementor-widget-wrap elementor-element-populated\">\n\t\t\t\t\t\t<div class=\"elementor-element elementor-element-ec08452 elementor-widget elementor-widget-image\" data-id=\"ec08452\" data-element_type=\"widget\" data-widget_type=\"image.default\">\n\t\t\t\t<div class=\"elementor-widget-container\">\n\t\t\t\t\t\t\t\t\t\t\t\t\t\t\t<img fetchpriority=\"high\" decoding=\"async\" width=\"724\" height=\"1024\" src=\"https:\/\/www.salipiste.fi\/wp-content\/uploads\/2025\/08\/pienryhma-kotisivuille-korjattu-724x1024.png\" class=\"attachment-large size-large wp-image-3003\" alt=\"\" srcset=\"https:\/\/www.salipiste.fi\/wp-content\/uploads\/2025\/08\/pienryhma-kotisivuille-korjattu-724x1024.png 724w, https:\/\/www.salipiste.fi\/wp-content\/uploads\/2025\/08\/pienryhma-kotisivuille-korjattu-212x300.png 212w, https:\/\/www.salipiste.fi\/wp-content\/uploads\/2025\/08\/pienryhma-kotisivuille-korjattu-768x1086.png 768w, https:\/\/www.salipiste.fi\/wp-content\/uploads\/2025\/08\/pienryhma-kotisivuille-korjattu-1086x1536.png 1086w, https:\/\/www.salipiste.fi\/wp-content\/uploads\/2025\/08\/pienryhma-kotisivuille-korjattu-1448x2048.png 1448w, https:\/\/www.salipiste.fi\/wp-content\/uploads\/2025\/08\/pienryhma-kotisivuille-korjattu-1000x1415.png 1000w, https:\/\/www.salipiste.fi\/wp-content\/uploads\/2025\/08\/pienryhma-kotisivuille-korjattu-230x325.png 230w, https:\/\/www.salipiste.fi\/wp-content\/uploads\/2025\/08\/pienryhma-kotisivuille-korjattu-350x495.png 350w, https:\/\/www.salipiste.fi\/wp-content\/uploads\/2025\/08\/pienryhma-kotisivuille-korjattu-480x679.png 480w, https:\/\/www.salipiste.fi\/wp-content\/uploads\/2025\/08\/pienryhma-kotisivuille-korjattu.png 1587w\" sizes=\"(max-width: 724px) 100vw, 724px\" \/>\t\t\t\t\t\t\t\t\t\t\t\t\t\t\t<\/div>\n\t\t\t\t<\/div>\n\t\t\t\t\t<\/div>\n\t\t<\/div>\n\t\t\t\t<div class=\"elementor-column elementor-col-50 elementor-top-column elementor-element elementor-element-42c9fc0\" data-id=\"42c9fc0\" data-element_type=\"column\">\n\t\t\t<div class=\"elementor-widget-wrap elementor-element-populated\">\n\t\t\t\t\t\t<div class=\"elementor-element elementor-element-6e5a6a1 elementor-widget elementor-widget-text-editor\" data-id=\"6e5a6a1\" data-element_type=\"widget\" data-widget_type=\"text-editor.default\">\n\t\t\t\t<div class=\"elementor-widget-container\">\n\t\t\t\t\t\t\t\t\t<h2>Pienryhm\u00e4 uhkeille daameille ja raamikkaille herroille<\/h2><p>Haluatko pudottaa painoa ja l\u00f6yt\u00e4\u00e4 liikunnan ilon? T\u00e4m\u00e4n pienryhm\u00e4valmennuksen avulla se on mahdollista! Karistat kiloja, edist\u00e4t hyvinvointiasi ja saat energisemm\u00e4n olon sek\u00e4 muutat elintapojasi paremmaksi &#8211; pysyv\u00e4sti! \u00a0Samalla tutustut uusiin huipputyyppeihin ja innostavan valmentajan avulla uuden opettelu on hauskaa!<\/p><p>Kenelle valmennus sopii?<\/p><ul><li>Sinulle, joka haluat saada selke\u00e4t ohjeet painonpudotukseen niin ravitsemuksen kuin liikunnankin osalta<\/li><li>Sinulle, joka kaipaat energisemp\u00e4\u00e4 oloa ja haluat l\u00f6yt\u00e4\u00e4 liikunnan ilon<\/li><li>Sinulle, joka haluat aloittaa kuntosaliharrastuksen turvallisesti personal trainerimme avulla juuri sinulle r\u00e4\u00e4t\u00e4l\u00f6idyll\u00e4 kuntosaliohjelmalla<\/li><\/ul><p>Ryhm\u00e4ss\u00e4 tutustutaan kuntosalilaitteisiin ohjatusti, joka takaa sen, ett\u00e4 opit oikeat tekniikat ja turvallisen treenaamisen! \u00a0Lihaskuntoharjoittelulla tehostetaan rasvanpolttoa, mik\u00e4 parantaa toimintakyky\u00e4 lihasmassan edist\u00e4misen ja yll\u00e4pidon lis\u00e4ksi.<\/p><p>Mit\u00e4 saat?<\/p><ul><li>Sinulle personoidun treeniohjelman, joka tukee tavoitteitasi sek\u00e4 ottaa huomioon mahdolliset rajoitteesi<\/li><li>Sinulle suunnitellun ravinto-ohjelman, jonka avulla opit sy\u00f6m\u00e4\u00e4n oikein ja riitt\u00e4v\u00e4sti sek\u00e4 saavutat energisen olon, joka vie sinua kohti tavoitetta!<\/li><li>Step2fit \u2013sovelluksen k\u00e4ytt\u00f6\u00f6si koko valmennuksen ajaksi, josta l\u00f6ytyy omat suunnitelmasi ja jonka avulla pid\u00e4t helposti yhteytt\u00e4 valmentajaasi ja koko ryhm\u00e4\u00e4n!<\/li><li>Yhteiset treenit pienryhm\u00e4ss\u00e4 personal trainerimme avustuksella<\/li><li>Kehityksen seurannan ja raportoinnin<\/li><\/ul><p>Ravitsemus on painonpudotuksen kulmakivi, joten ruokailutottumuksien muuttamisella saavutetaan riitt\u00e4v\u00e4 energiansaanti, verensokeritasapaino ja kevyempi olo ilman kitudieetti\u00e4 tai kieltolistoja.<\/p><p>Tule mukaan matalan kynnyksen pienryhm\u00e4valmennukseen! Alkukartoitus tehd\u00e4\u00e4n ennen ensimm\u00e4ist\u00e4 ryhm\u00e4tapaamista kanssasi henkil\u00f6kohtaisesti, jossa k\u00e4yd\u00e4\u00e4n l\u00e4pi nykytilanne, tavoitteet ja toiveet, joiden pohjalta personal trainerimme luo sinulle henkil\u00f6kohtaiset ravinto- ja treeniohjelmat.<\/p><p>Olet l\u00e4mpim\u00e4sti tervetullut mukaan!<\/p>\t\t\t\t\t\t\t\t<\/div>\n\t\t\t\t<\/div>\n\t\t\t\t\t<\/div>\n\t\t<\/div>\n\t\t\t\t\t<\/div>\n\t\t<\/section>\n\t\t\t\t<section class=\"elementor-section elementor-top-section elementor-element elementor-element-f7228ed elementor-section-boxed elementor-section-height-default elementor-section-height-default\" data-id=\"f7228ed\" data-element_type=\"section\">\n\t\t\t\t\t\t<div class=\"elementor-container elementor-column-gap-default\">\n\t\t\t\t\t<div class=\"elementor-column elementor-col-100 elementor-top-column elementor-element elementor-element-abc2e23\" data-id=\"abc2e23\" data-element_type=\"column\">\n\t\t\t<div class=\"elementor-widget-wrap elementor-element-populated\">\n\t\t\t\t\t\t<div class=\"elementor-element elementor-element-f695c15 elementor-hidden-desktop elementor-hidden-tablet elementor-hidden-mobile elementor-widget elementor-widget-heading\" data-id=\"f695c15\" data-element_type=\"widget\" data-widget_type=\"heading.default\">\n\t\t\t\t<div class=\"elementor-widget-container\">\n\t\t\t\t\t<h2 class=\"elementor-heading-title elementor-size-default\">Uusia kursseja tulossa <\/h2>\t\t\t\t<\/div>\n\t\t\t\t<\/div>\n\t\t\t\t\t<\/div>\n\t\t<\/div>\n\t\t\t\t\t<\/div>\n\t\t<\/section>\n\t\t\t\t<section class=\"elementor-section elementor-top-section elementor-element elementor-element-be5ab9a elementor-section-boxed elementor-section-height-default elementor-section-height-default\" data-id=\"be5ab9a\" data-element_type=\"section\">\n\t\t\t\t\t\t<div class=\"elementor-container elementor-column-gap-default\">\n\t\t\t\t\t<div class=\"elementor-column elementor-col-100 elementor-top-column elementor-element elementor-element-b67720d\" data-id=\"b67720d\" data-element_type=\"column\">\n\t\t\t<div class=\"elementor-widget-wrap elementor-element-populated\">\n\t\t\t\t\t\t\t<\/div>\n\t\t<\/div>\n\t\t\t\t\t<\/div>\n\t\t<\/section>\n\t\t\t\t<section class=\"elementor-section elementor-top-section elementor-element elementor-element-36ac0c8 elementor-hidden-desktop elementor-hidden-tablet elementor-hidden-mobile elementor-section-boxed elementor-section-height-default elementor-section-height-default\" data-id=\"36ac0c8\" data-element_type=\"section\">\n\t\t\t\t\t\t<div class=\"elementor-container elementor-column-gap-default\">\n\t\t\t\t\t<div class=\"elementor-column elementor-col-50 elementor-top-column elementor-element elementor-element-1e9dd3c\" data-id=\"1e9dd3c\" data-element_type=\"column\">\n\t\t\t<div class=\"elementor-widget-wrap elementor-element-populated\">\n\t\t\t\t\t\t<div class=\"elementor-element elementor-element-a2f8fbc elementor-widget elementor-widget-image\" data-id=\"a2f8fbc\" data-element_type=\"widget\" data-widget_type=\"image.default\">\n\t\t\t\t<div class=\"elementor-widget-container\">\n\t\t\t\t\t\t\t\t\t\t\t\t\t\t\t<img decoding=\"async\" width=\"768\" height=\"1086\" src=\"https:\/\/www.salipiste.fi\/wp-content\/uploads\/2025\/03\/Eisttelyjuliste-768x1086.png\" class=\"attachment-medium_large size-medium_large wp-image-2898\" alt=\"\" srcset=\"https:\/\/www.salipiste.fi\/wp-content\/uploads\/2025\/03\/Eisttelyjuliste-768x1086.png 768w, https:\/\/www.salipiste.fi\/wp-content\/uploads\/2025\/03\/Eisttelyjuliste-212x300.png 212w, https:\/\/www.salipiste.fi\/wp-content\/uploads\/2025\/03\/Eisttelyjuliste-724x1024.png 724w, https:\/\/www.salipiste.fi\/wp-content\/uploads\/2025\/03\/Eisttelyjuliste-1086x1536.png 1086w, https:\/\/www.salipiste.fi\/wp-content\/uploads\/2025\/03\/Eisttelyjuliste-1448x2048.png 1448w, https:\/\/www.salipiste.fi\/wp-content\/uploads\/2025\/03\/Eisttelyjuliste-1000x1415.png 1000w, https:\/\/www.salipiste.fi\/wp-content\/uploads\/2025\/03\/Eisttelyjuliste-230x325.png 230w, https:\/\/www.salipiste.fi\/wp-content\/uploads\/2025\/03\/Eisttelyjuliste-350x495.png 350w, https:\/\/www.salipiste.fi\/wp-content\/uploads\/2025\/03\/Eisttelyjuliste-480x679.png 480w, https:\/\/www.salipiste.fi\/wp-content\/uploads\/2025\/03\/Eisttelyjuliste.png 1587w\" sizes=\"(max-width: 768px) 100vw, 768px\" \/>\t\t\t\t\t\t\t\t\t\t\t\t\t\t\t<\/div>\n\t\t\t\t<\/div>\n\t\t\t\t\t<\/div>\n\t\t<\/div>\n\t\t\t\t<div class=\"elementor-column elementor-col-50 elementor-top-column elementor-element elementor-element-e904432\" data-id=\"e904432\" data-element_type=\"column\">\n\t\t\t<div class=\"elementor-widget-wrap\">\n\t\t\t\t\t\t\t<\/div>\n\t\t<\/div>\n\t\t\t\t\t<\/div>\n\t\t<\/section>\n\t\t\t\t<section class=\"elementor-section elementor-top-section elementor-element elementor-element-053b318 elementor-section-boxed elementor-section-height-default elementor-section-height-default\" data-id=\"053b318\" data-element_type=\"section\">\n\t\t\t\t\t\t<div class=\"elementor-container elementor-column-gap-default\">\n\t\t\t\t\t<div class=\"elementor-column elementor-col-50 elementor-top-column elementor-element elementor-element-88d22ff elementor-hidden-desktop elementor-hidden-tablet elementor-hidden-mobile\" data-id=\"88d22ff\" data-element_type=\"column\">\n\t\t\t<div class=\"elementor-widget-wrap elementor-element-populated\">\n\t\t\t\t\t\t<div class=\"elementor-element elementor-element-ecbb5ae elementor-widget elementor-widget-image\" data-id=\"ecbb5ae\" data-element_type=\"widget\" data-widget_type=\"image.default\">\n\t\t\t\t<div class=\"elementor-widget-container\">\n\t\t\t\t\t\t\t\t\t\t\t\t\t\t\t<img decoding=\"async\" width=\"350\" height=\"495\" src=\"https:\/\/www.salipiste.fi\/wp-content\/uploads\/2022\/01\/Tekniikkaverstaat-1-350x495.png\" class=\"attachment-sydney-service-thumb size-sydney-service-thumb wp-image-1886\" alt=\"\" srcset=\"https:\/\/www.salipiste.fi\/wp-content\/uploads\/2022\/01\/Tekniikkaverstaat-1-350x495.png 350w, https:\/\/www.salipiste.fi\/wp-content\/uploads\/2022\/01\/Tekniikkaverstaat-1-212x300.png 212w, https:\/\/www.salipiste.fi\/wp-content\/uploads\/2022\/01\/Tekniikkaverstaat-1-724x1024.png 724w, https:\/\/www.salipiste.fi\/wp-content\/uploads\/2022\/01\/Tekniikkaverstaat-1-768x1086.png 768w, https:\/\/www.salipiste.fi\/wp-content\/uploads\/2022\/01\/Tekniikkaverstaat-1-1086x1536.png 1086w, https:\/\/www.salipiste.fi\/wp-content\/uploads\/2022\/01\/Tekniikkaverstaat-1-1448x2048.png 1448w, https:\/\/www.salipiste.fi\/wp-content\/uploads\/2022\/01\/Tekniikkaverstaat-1-920x1301.png 920w, https:\/\/www.salipiste.fi\/wp-content\/uploads\/2022\/01\/Tekniikkaverstaat-1-230x325.png 230w, https:\/\/www.salipiste.fi\/wp-content\/uploads\/2022\/01\/Tekniikkaverstaat-1-480x679.png 480w, https:\/\/www.salipiste.fi\/wp-content\/uploads\/2022\/01\/Tekniikkaverstaat-1.png 1587w\" sizes=\"(max-width: 350px) 100vw, 350px\" \/>\t\t\t\t\t\t\t\t\t\t\t\t\t\t\t<\/div>\n\t\t\t\t<\/div>\n\t\t\t\t\t<\/div>\n\t\t<\/div>\n\t\t\t\t<div class=\"elementor-column elementor-col-50 elementor-top-column elementor-element elementor-element-1587e13\" data-id=\"1587e13\" data-element_type=\"column\">\n\t\t\t<div class=\"elementor-widget-wrap elementor-element-populated\">\n\t\t\t\t\t\t<div class=\"elementor-element elementor-element-3cf50ff elementor-hidden-desktop elementor-hidden-tablet elementor-hidden-mobile elementor-widget elementor-widget-text-editor\" data-id=\"3cf50ff\" data-element_type=\"widget\" data-widget_type=\"text-editor.default\">\n\t\t\t\t<div class=\"elementor-widget-container\">\n\t\t\t\t\t\t\t\t\t<h2>TEKNIIKKAVERSTAAT<\/h2><p>Onko hauisk\u00e4\u00e4nt\u00f6 ainoa mahdollinen liike kasvattaa n\u00e4ytt\u00e4v\u00e4t hauikset tai voiko pakaroita pinkeytt\u00e4\u00e4 muutenkin, kun kyykk\u00e4\u00e4m\u00e4ll\u00e4?<\/p><p>Jos kaipaat treeniisi vaihtelua tai laajempaa liikepankkia, josta ammentaa vaihtelua harjoitteluun, tule Salipisteen verstaille!<\/p><p>Kukin verstas keskittyy tietyn lihaksen treenaamiseen erilaisten liikkeiden avulla. Kahden tunnin verstaan aikana k\u00e4yd\u00e4\u00e4n l\u00e4pi 8 erilaista liikett\u00e4 kulloisellekin lihakselle ja pureudutaan niiden tekniikoihin.\u00a0<\/p><p><strong>PAKARAT 22.1. klo 13-15<\/strong><br \/><strong>REIDET 29.1. klo 13-15<\/strong><br \/><strong>OLKAP\u00c4\u00c4T 5.2. klo 13-15<\/strong><br \/><strong>OJENTAJAT 19.2. klo 13-15<\/strong><br \/><strong>HAUIKSET 26.2. klo 13-15<\/strong><\/p><p>Hinta on 30\u20ac\/verstas.<\/p><p>Ilmoittaudu mukaan s\u00e4hk\u00f6postilla salipiste@gmail.com tai palvelutiskill\u00e4\u00a0<\/p>\t\t\t\t\t\t\t\t<\/div>\n\t\t\t\t<\/div>\n\t\t\t\t\t<\/div>\n\t\t<\/div>\n\t\t\t\t\t<\/div>\n\t\t<\/section>\n\t\t\t\t<section class=\"elementor-section elementor-top-section elementor-element elementor-element-4ba5934 elementor-section-boxed elementor-section-height-default elementor-section-height-default\" data-id=\"4ba5934\" data-element_type=\"section\">\n\t\t\t\t\t\t<div class=\"elementor-container elementor-column-gap-default\">\n\t\t\t\t\t<div class=\"elementor-column elementor-col-100 elementor-top-column elementor-element elementor-element-9d8e8b0\" data-id=\"9d8e8b0\" data-element_type=\"column\">\n\t\t\t<div class=\"elementor-widget-wrap elementor-element-populated\">\n\t\t\t\t\t\t<div class=\"elementor-element elementor-element-fbcca05 elementor-widget-divider--view-line elementor-widget elementor-widget-divider\" data-id=\"fbcca05\" data-element_type=\"widget\" data-widget_type=\"divider.default\">\n\t\t\t\t<div class=\"elementor-widget-container\">\n\t\t\t\t\t\t\t<div class=\"elementor-divider\">\n\t\t\t<span class=\"elementor-divider-separator\">\n\t\t\t\t\t\t<\/span>\n\t\t<\/div>\n\t\t\t\t\t\t<\/div>\n\t\t\t\t<\/div>\n\t\t\t\t\t<\/div>\n\t\t<\/div>\n\t\t\t\t\t<\/div>\n\t\t<\/section>\n\t\t\t\t<\/div>\n\t\t","protected":false},"excerpt":{"rendered":"<p>Kurssit, verstaat ja valmennusryhm\u00e4t Pienryhm\u00e4 uhkeille daameille ja raamikkaille herroille Haluatko pudottaa painoa ja l\u00f6yt\u00e4\u00e4 liikunnan ilon? T\u00e4m\u00e4n pienryhm\u00e4valmennuksen avulla se on [&hellip;]<\/p>\n","protected":false},"author":1,"featured_media":0,"parent":0,"menu_order":0,"comment_status":"closed","ping_status":"closed","template":"page-templates\/page_front-page.php","meta":{"_monsterinsights_skip_tracking":false,"_monsterinsights_sitenote_active":false,"_monsterinsights_sitenote_note":"","_monsterinsights_sitenote_category":0,"_uf_show_specific_survey":0,"_uf_disable_surveys":false,"footnotes":""},"class_list":["post-1173","page","type-page","status-publish","hentry"],"aioseo_notices":[],"_links":{"self":[{"href":"https:\/\/www.salipiste.fi\/index.php\/wp-json\/wp\/v2\/pages\/1173","targetHints":{"allow":["GET"]}}],"collection":[{"href":"https:\/\/www.salipiste.fi\/index.php\/wp-json\/wp\/v2\/pages"}],"about":[{"href":"https:\/\/www.salipiste.fi\/index.php\/wp-json\/wp\/v2\/types\/page"}],"author":[{"embeddable":true,"href":"https:\/\/www.salipiste.fi\/index.php\/wp-json\/wp\/v2\/users\/1"}],"replies":[{"embeddable":true,"href":"https:\/\/www.salipiste.fi\/index.php\/wp-json\/wp\/v2\/comments?post=1173"}],"version-history":[{"count":138,"href":"https:\/\/www.salipiste.fi\/index.php\/wp-json\/wp\/v2\/pages\/1173\/revisions"}],"predecessor-version":[{"id":3010,"href":"https:\/\/www.salipiste.fi\/index.php\/wp-json\/wp\/v2\/pages\/1173\/revisions\/3010"}],"wp:attachment":[{"href":"https:\/\/www.salipiste.fi\/index.php\/wp-json\/wp\/v2\/media?parent=1173"}],"curies":[{"name":"wp","href":"https:\/\/api.w.org\/{rel}","templated":true}]}}