{"id":1625,"date":"2021-12-17T17:28:49","date_gmt":"2021-12-17T15:28:49","guid":{"rendered":"https:\/\/www.salipiste.fi\/?page_id=1625"},"modified":"2026-04-07T16:36:12","modified_gmt":"2026-04-07T14:36:12","slug":"hinnasto","status":"publish","type":"page","link":"https:\/\/www.salipiste.fi\/index.php\/en\/hinnasto\/","title":{"rendered":"Hinnasto"},"content":{"rendered":"\t\t<div data-elementor-type=\"wp-page\" data-elementor-id=\"1625\" class=\"elementor elementor-1625\">\n\t\t\t\t\t\t<section class=\"elementor-section elementor-top-section elementor-element elementor-element-d3099bf elementor-section-boxed elementor-section-height-default elementor-section-height-default\" data-id=\"d3099bf\" data-element_type=\"section\">\n\t\t\t\t\t\t<div class=\"elementor-container elementor-column-gap-default\">\n\t\t\t\t\t<div class=\"elementor-column elementor-col-100 elementor-top-column elementor-element elementor-element-b0434f7\" data-id=\"b0434f7\" data-element_type=\"column\">\n\t\t\t<div class=\"elementor-widget-wrap elementor-element-populated\">\n\t\t\t\t\t\t<div class=\"elementor-element elementor-element-e91131a elementor-widget elementor-widget-spacer\" data-id=\"e91131a\" data-element_type=\"widget\" data-widget_type=\"spacer.default\">\n\t\t\t\t<div class=\"elementor-widget-container\">\n\t\t\t\t\t\t\t<div class=\"elementor-spacer\">\n\t\t\t<div class=\"elementor-spacer-inner\"><\/div>\n\t\t<\/div>\n\t\t\t\t\t\t<\/div>\n\t\t\t\t<\/div>\n\t\t\t\t\t<\/div>\n\t\t<\/div>\n\t\t\t\t\t<\/div>\n\t\t<\/section>\n\t\t\t\t<section class=\"elementor-section elementor-top-section elementor-element elementor-element-e3ce3eb elementor-section-boxed elementor-section-height-default elementor-section-height-default\" data-id=\"e3ce3eb\" data-element_type=\"section\">\n\t\t\t\t\t\t<div class=\"elementor-container elementor-column-gap-default\">\n\t\t\t\t\t<div class=\"elementor-column elementor-col-100 elementor-top-column elementor-element elementor-element-b7c7bbc\" data-id=\"b7c7bbc\" data-element_type=\"column\">\n\t\t\t<div class=\"elementor-widget-wrap elementor-element-populated\">\n\t\t\t\t\t\t<div class=\"elementor-element elementor-element-6dbdf87 elementor-widget elementor-widget-heading\" data-id=\"6dbdf87\" data-element_type=\"widget\" data-widget_type=\"heading.default\">\n\t\t\t\t<div class=\"elementor-widget-container\">\n\t\t\t\t\t<h1 class=\"elementor-heading-title elementor-size-xl\">Salikortit<\/h1>\t\t\t\t<\/div>\n\t\t\t\t<\/div>\n\t\t\t\t\t<\/div>\n\t\t<\/div>\n\t\t\t\t\t<\/div>\n\t\t<\/section>\n\t\t\t\t<section class=\"elementor-section elementor-top-section elementor-element elementor-element-ee3a7cb elementor-section-boxed elementor-section-height-default elementor-section-height-default\" data-id=\"ee3a7cb\" data-element_type=\"section\">\n\t\t\t\t\t\t<div class=\"elementor-container elementor-column-gap-default\">\n\t\t\t\t\t<div class=\"elementor-column elementor-col-100 elementor-top-column elementor-element elementor-element-18cd386\" data-id=\"18cd386\" data-element_type=\"column\">\n\t\t\t<div class=\"elementor-widget-wrap elementor-element-populated\">\n\t\t\t\t\t\t<div class=\"elementor-element elementor-element-d882185 elementor-widget-divider--view-line elementor-widget elementor-widget-divider\" data-id=\"d882185\" data-element_type=\"widget\" data-widget_type=\"divider.default\">\n\t\t\t\t<div class=\"elementor-widget-container\">\n\t\t\t\t\t\t\t<div class=\"elementor-divider\">\n\t\t\t<span class=\"elementor-divider-separator\">\n\t\t\t\t\t\t<\/span>\n\t\t<\/div>\n\t\t\t\t\t\t<\/div>\n\t\t\t\t<\/div>\n\t\t\t\t\t<\/div>\n\t\t<\/div>\n\t\t\t\t\t<\/div>\n\t\t<\/section>\n\t\t\t\t<section class=\"elementor-section elementor-top-section elementor-element elementor-element-b1fca8d elementor-section-boxed elementor-section-height-default elementor-section-height-default\" data-id=\"b1fca8d\" data-element_type=\"section\">\n\t\t\t\t\t\t<div class=\"elementor-container elementor-column-gap-default\">\n\t\t\t\t\t<div class=\"elementor-column elementor-col-100 elementor-top-column elementor-element elementor-element-a24190f\" data-id=\"a24190f\" data-element_type=\"column\">\n\t\t\t<div class=\"elementor-widget-wrap elementor-element-populated\">\n\t\t\t\t\t\t<div class=\"elementor-element elementor-element-5b589c9 elementor-widget elementor-widget-text-editor\" data-id=\"5b589c9\" data-element_type=\"widget\" data-widget_type=\"text-editor.default\">\n\t\t\t\t<div class=\"elementor-widget-container\">\n\t\t\t\t\t\t\t\t\t<h3><strong>KERTAKORTIT<\/strong><strong style=\"background-color: transparent;\"><br \/><\/strong>Kertamaksu\u00a0 \u00a0 \u00a0 \u00a0 \u00a0 \u00a0 \u00a0 \u00a0 \u00a0 \u00a0 \u00a0 \u00a0 \u00a0 \u00a09 \u20ac<strong><br \/><\/strong>10x -salikortti\u00a0 \u00a0 \u00a0 \u00a0 \u00a0 \u00a0 \u00a0 \u00a0 \u00a0 \u00a0 \u00a0 \u00a073 \u20ac\u00a0<br \/>10x -seniorikortti\u00a0 \u00a0 \u00a0 \u00a0 \u00a0 \u00a0 \u00a0 \u00a0 \u00a052 \u20ac<\/h3>\n<p>10x-kortit ovat voimassa 3 kk.<\/p>\n<p>Seniorikortin voi ostaa vain palvelutiskilt\u00e4.<\/p>\n<h3><strong>KUUKAUSIKORTIT<br \/><\/strong>2 vko salikortti\u00a0 \u00a0 \u00a0 \u00a0 \u00a0 \u00a0 \u00a0 \u00a0 \u00a0 \u00a0 28 \u20ac<br \/>1 kk salikortti\u00a0 \u00a0 \u00a0 \u00a0 \u00a0 \u00a0 \u00a0 \u00a0 \u00a0 \u00a0 \u00a0 \u00a040 \u20ac<br \/>1 kk aamukortti (klo 5-14)\u00a0 \u00a038 \u20ac<br \/>3 kk salikortti\u00a0 \u00a0 \u00a0 \u00a0 \u00a0 \u00a0 \u00a0 \u00a0 \u00a0 \u00a0 \u00a0105 \u20ac<br \/>6 kk salikortti\u00a0 \u00a0 \u00a0 \u00a0 \u00a0 \u00a0 \u00a0 \u00a0 \u00a0 \u00a0 \u00a0195 \u20ac<br \/>12 kk salikortti\u00a0 \u00a0 \u00a0 \u00a0 \u00a0 \u00a0 \u00a0 \u00a0 \u00a0 \u00a0365 \u20ac<\/h3>\n<h3>JUNNU<strong>KORTIT 12-15v<br \/><\/strong>1 kk junnukortti\u00a0 \u00a0 \u00a0 \u00a0 \u00a0 \u00a0 \u00a0 \u00a0 \u00a0 \u00a020 \u20ac<br \/>10x junnukortti\u00a0 \u00a0 \u00a0 \u00a0 \u00a0 \u00a0 \u00a0 \u00a0 \u00a0 \u00a0 35 \u20ac\u00a0<\/h3>\n<p class=\"_04xlpA direction-ltr align-center para-style-body\"><span class=\"JsGRdQ\">Kortin voi ostaa vain aikuisen kk-kortin oston yhteydess\u00e4 tai silloin, kun aikuisella on jo salikortti voimassa.<\/span><\/p>\n<p class=\"_04xlpA direction-ltr align-center para-style-body\"><span class=\"JsGRdQ\"><strong>Kuukausikorttilaisen junnun<\/strong>\u00a0kulku salille tapahtuu aikuisen kulkul\u00e4tk\u00e4ll\u00e4\u00a0<strong>AINA YHDESS\u00c4.<\/strong><br \/><strong>10-korttilaiselle junnulle<\/strong>\u00a0tulee lunastaa oma kulkul\u00e4tk\u00e4, joka leimataan jokaisella k\u00e4yntikerralla. Aikuisen tulee olla aina junnun kanssa salilla.\u00a0<br \/><\/span><\/p>\n<p>Junnukortin voi ostaa vain palvelutiskilt\u00e4.<\/p>\n<p><\/p>\n<p><\/p>\n<p><\/p>\n<h3><strong>KULKUL\u00c4TK\u00c4<\/strong><br \/>Pantti 10 \u20ac<\/h3>\n<p><\/p>\n<p><strong>Alennukset<br \/><\/strong>Opiskelijoille kertamaksusta ja 10x -kortista -10% (alennus vain opiskelijakorttia n\u00e4ytt\u00e4m\u00e4ll\u00e4 palvelutiskilt\u00e4)<\/p>\n<p><\/p>\n<p><strong>Korttien voimassaolo<br \/><\/strong>2 vko = 15 \u00e4iv\u00e4\u00e4<strong><br \/><\/strong>1 kk = 30 p\u00e4iv\u00e4\u00e4<\/p>\n<p><\/p>\n<p><\/p>\t\t\t\t\t\t\t\t<\/div>\n\t\t\t\t<\/div>\n\t\t\t\t\t<\/div>\n\t\t<\/div>\n\t\t\t\t\t<\/div>\n\t\t<\/section>\n\t\t\t\t<section class=\"elementor-section elementor-top-section elementor-element elementor-element-104271a elementor-section-boxed elementor-section-height-default elementor-section-height-default\" data-id=\"104271a\" data-element_type=\"section\">\n\t\t\t\t\t\t<div class=\"elementor-container elementor-column-gap-default\">\n\t\t\t\t\t<div class=\"elementor-column elementor-col-100 elementor-top-column elementor-element elementor-element-397433e\" data-id=\"397433e\" data-element_type=\"column\">\n\t\t\t<div class=\"elementor-widget-wrap elementor-element-populated\">\n\t\t\t\t\t\t<div class=\"elementor-element elementor-element-40572ad elementor-widget-divider--view-line elementor-widget elementor-widget-divider\" data-id=\"40572ad\" data-element_type=\"widget\" data-widget_type=\"divider.default\">\n\t\t\t\t<div class=\"elementor-widget-container\">\n\t\t\t\t\t\t\t<div class=\"elementor-divider\">\n\t\t\t<span class=\"elementor-divider-separator\">\n\t\t\t\t\t\t<\/span>\n\t\t<\/div>\n\t\t\t\t\t\t<\/div>\n\t\t\t\t<\/div>\n\t\t\t\t\t<\/div>\n\t\t<\/div>\n\t\t\t\t\t<\/div>\n\t\t<\/section>\n\t\t\t\t<section class=\"elementor-section elementor-top-section elementor-element elementor-element-35efe43 elementor-section-boxed elementor-section-height-default elementor-section-height-default\" data-id=\"35efe43\" data-element_type=\"section\">\n\t\t\t\t\t\t<div class=\"elementor-container elementor-column-gap-default\">\n\t\t\t\t\t<div class=\"elementor-column elementor-col-100 elementor-top-column elementor-element elementor-element-4d68c0c\" data-id=\"4d68c0c\" data-element_type=\"column\">\n\t\t\t<div class=\"elementor-widget-wrap elementor-element-populated\">\n\t\t\t\t\t\t<div class=\"elementor-element elementor-element-363fc69 elementor-widget elementor-widget-heading\" data-id=\"363fc69\" data-element_type=\"widget\" data-widget_type=\"heading.default\">\n\t\t\t\t<div class=\"elementor-widget-container\">\n\t\t\t\t\t<h2 class=\"elementor-heading-title elementor-size-large\">Saliohjaukset ja Personal Trainer -palvelut<\/h2>\t\t\t\t<\/div>\n\t\t\t\t<\/div>\n\t\t\t\t\t<\/div>\n\t\t<\/div>\n\t\t\t\t\t<\/div>\n\t\t<\/section>\n\t\t\t\t<section class=\"elementor-section elementor-top-section elementor-element elementor-element-d7c6af5 elementor-section-boxed elementor-section-height-default elementor-section-height-default\" data-id=\"d7c6af5\" data-element_type=\"section\">\n\t\t\t\t\t\t<div class=\"elementor-container elementor-column-gap-default\">\n\t\t\t\t\t<div class=\"elementor-column elementor-col-100 elementor-top-column elementor-element elementor-element-7baf853\" data-id=\"7baf853\" data-element_type=\"column\">\n\t\t\t<div class=\"elementor-widget-wrap elementor-element-populated\">\n\t\t\t\t\t\t<div class=\"elementor-element elementor-element-6a65558 elementor-widget elementor-widget-text-editor\" data-id=\"6a65558\" data-element_type=\"widget\" data-widget_type=\"text-editor.default\">\n\t\t\t\t<div class=\"elementor-widget-container\">\n\t\t\t\t\t\t\t\t\t<h3><strong>SALIOHJAUS<br \/><\/strong>Henkil\u00f6kohtainen saliohjelma ja ohjaus\u00a0 \u00a0 \u00a099 \u20ac<\/h3>\n<h3><strong>PERSONAL TRAINER -PALVELUT<br \/><\/strong><br \/>PT 1KK (2 tai 4 tapaamista)<br \/>Single 165 \u20ac\/305 \u20ac<br \/>Kimppa\u00a0 310\u20ac \/ 570\u20ac (155\u20ac\/285 \u20ac\/hl\u00f6\/kk)<\/h3>\n<h3>PT 3 KK (2 tai 4 tapaamista)<br \/>Single 160 \u20ac\/285 \u20ac\/kk<br \/>Kimppa 290\u20ac \/ 490\u20ac (145\u20ac\/245\u20ac\/hl\u00f6\/kk)<\/h3>\n<h3>PT 6 KK (2 tai 4 tapaamista)<br \/>Single 140 \u20ac\/245 \u20ac\/kk<br \/>Kimppa 250\u20ac \/ 410\u20ac (125\u20ac\/205\u20ac\/hl\u00f6\/kk)<\/h3>\n<h3>TREENIKERTA PT:N KANSSA\u00a0 \u00a0 \u00a080 \u20ac<\/h3>\n<p>\u00a0<\/p>\t\t\t\t\t\t\t\t<\/div>\n\t\t\t\t<\/div>\n\t\t\t\t\t<\/div>\n\t\t<\/div>\n\t\t\t\t\t<\/div>\n\t\t<\/section>\n\t\t\t\t<section class=\"elementor-section elementor-top-section elementor-element elementor-element-7b8856d elementor-section-boxed elementor-section-height-default elementor-section-height-default\" data-id=\"7b8856d\" data-element_type=\"section\">\n\t\t\t\t\t\t<div class=\"elementor-container elementor-column-gap-default\">\n\t\t\t\t\t<div class=\"elementor-column elementor-col-100 elementor-top-column elementor-element elementor-element-178b0a0\" data-id=\"178b0a0\" data-element_type=\"column\">\n\t\t\t<div class=\"elementor-widget-wrap elementor-element-populated\">\n\t\t\t\t\t\t<div class=\"elementor-element elementor-element-b6ef73b elementor-widget-divider--view-line elementor-widget elementor-widget-divider\" data-id=\"b6ef73b\" data-element_type=\"widget\" data-widget_type=\"divider.default\">\n\t\t\t\t<div class=\"elementor-widget-container\">\n\t\t\t\t\t\t\t<div class=\"elementor-divider\">\n\t\t\t<span class=\"elementor-divider-separator\">\n\t\t\t\t\t\t<\/span>\n\t\t<\/div>\n\t\t\t\t\t\t<\/div>\n\t\t\t\t<\/div>\n\t\t\t\t\t<\/div>\n\t\t<\/div>\n\t\t\t\t\t<\/div>\n\t\t<\/section>\n\t\t\t\t<section class=\"elementor-section elementor-top-section elementor-element elementor-element-447f8af elementor-section-boxed elementor-section-height-default elementor-section-height-default\" data-id=\"447f8af\" data-element_type=\"section\">\n\t\t\t\t\t\t<div class=\"elementor-container elementor-column-gap-default\">\n\t\t\t\t\t<div class=\"elementor-column elementor-col-25 elementor-top-column elementor-element elementor-element-c00926e\" data-id=\"c00926e\" data-element_type=\"column\">\n\t\t\t<div class=\"elementor-widget-wrap elementor-element-populated\">\n\t\t\t\t\t\t<div class=\"elementor-element elementor-element-1902a8d elementor-widget elementor-widget-image\" data-id=\"1902a8d\" data-element_type=\"widget\" data-widget_type=\"image.default\">\n\t\t\t\t<div class=\"elementor-widget-container\">\n\t\t\t\t\t\t\t\t\t\t\t\t\t\t\t<img fetchpriority=\"high\" decoding=\"async\" width=\"946\" height=\"178\" src=\"https:\/\/www.salipiste.fi\/wp-content\/uploads\/2022\/03\/SMARTUM_LOGO_RGB_BLACK.png\" class=\"attachment-large size-large wp-image-2296\" alt=\"\" srcset=\"https:\/\/www.salipiste.fi\/wp-content\/uploads\/2022\/03\/SMARTUM_LOGO_RGB_BLACK.png 946w, https:\/\/www.salipiste.fi\/wp-content\/uploads\/2022\/03\/SMARTUM_LOGO_RGB_BLACK-300x56.png 300w, https:\/\/www.salipiste.fi\/wp-content\/uploads\/2022\/03\/SMARTUM_LOGO_RGB_BLACK-768x145.png 768w, https:\/\/www.salipiste.fi\/wp-content\/uploads\/2022\/03\/SMARTUM_LOGO_RGB_BLACK-920x173.png 920w, https:\/\/www.salipiste.fi\/wp-content\/uploads\/2022\/03\/SMARTUM_LOGO_RGB_BLACK-230x43.png 230w, https:\/\/www.salipiste.fi\/wp-content\/uploads\/2022\/03\/SMARTUM_LOGO_RGB_BLACK-350x66.png 350w, https:\/\/www.salipiste.fi\/wp-content\/uploads\/2022\/03\/SMARTUM_LOGO_RGB_BLACK-480x90.png 480w\" sizes=\"(max-width: 946px) 100vw, 946px\" \/>\t\t\t\t\t\t\t\t\t\t\t\t\t\t\t<\/div>\n\t\t\t\t<\/div>\n\t\t\t\t\t<\/div>\n\t\t<\/div>\n\t\t\t\t<div class=\"elementor-column elementor-col-25 elementor-top-column elementor-element elementor-element-2cc8615\" data-id=\"2cc8615\" data-element_type=\"column\">\n\t\t\t<div class=\"elementor-widget-wrap elementor-element-populated\">\n\t\t\t\t\t\t<div class=\"elementor-element elementor-element-2ceb89f elementor-widget elementor-widget-image\" data-id=\"2ceb89f\" data-element_type=\"widget\" data-widget_type=\"image.default\">\n\t\t\t\t<div class=\"elementor-widget-container\">\n\t\t\t\t\t\t\t\t\t\t\t\t\t\t\t<img decoding=\"async\" width=\"230\" height=\"72\" src=\"https:\/\/www.salipiste.fi\/wp-content\/uploads\/2022\/03\/Epassi-Logo-Primary-Color-RGB-1-230x72.png\" class=\"attachment-sydney-small-thumb size-sydney-small-thumb wp-image-2294\" alt=\"\" srcset=\"https:\/\/www.salipiste.fi\/wp-content\/uploads\/2022\/03\/Epassi-Logo-Primary-Color-RGB-1-230x72.png 230w, https:\/\/www.salipiste.fi\/wp-content\/uploads\/2022\/03\/Epassi-Logo-Primary-Color-RGB-1-300x94.png 300w, https:\/\/www.salipiste.fi\/wp-content\/uploads\/2022\/03\/Epassi-Logo-Primary-Color-RGB-1-350x109.png 350w, https:\/\/www.salipiste.fi\/wp-content\/uploads\/2022\/03\/Epassi-Logo-Primary-Color-RGB-1-480x150.png 480w, https:\/\/www.salipiste.fi\/wp-content\/uploads\/2022\/03\/Epassi-Logo-Primary-Color-RGB-1.png 608w\" sizes=\"(max-width: 230px) 100vw, 230px\" \/>\t\t\t\t\t\t\t\t\t\t\t\t\t\t\t<\/div>\n\t\t\t\t<\/div>\n\t\t\t\t\t<\/div>\n\t\t<\/div>\n\t\t\t\t<div class=\"elementor-column elementor-col-25 elementor-top-column elementor-element elementor-element-7950712\" data-id=\"7950712\" data-element_type=\"column\">\n\t\t\t<div class=\"elementor-widget-wrap elementor-element-populated\">\n\t\t\t\t\t\t<div class=\"elementor-element elementor-element-d302da4 elementor-widget elementor-widget-image\" data-id=\"d302da4\" data-element_type=\"widget\" data-widget_type=\"image.default\">\n\t\t\t\t<div class=\"elementor-widget-container\">\n\t\t\t\t\t\t\t\t\t\t\t\t\t\t\t<img decoding=\"async\" width=\"230\" height=\"148\" src=\"https:\/\/www.salipiste.fi\/wp-content\/uploads\/2022\/03\/Edenred-Color_Digital-use-230x148.png\" class=\"attachment-sydney-small-thumb size-sydney-small-thumb wp-image-2293\" alt=\"\" srcset=\"https:\/\/www.salipiste.fi\/wp-content\/uploads\/2022\/03\/Edenred-Color_Digital-use-230x148.png 230w, https:\/\/www.salipiste.fi\/wp-content\/uploads\/2022\/03\/Edenred-Color_Digital-use-300x193.png 300w, https:\/\/www.salipiste.fi\/wp-content\/uploads\/2022\/03\/Edenred-Color_Digital-use-768x493.png 768w, https:\/\/www.salipiste.fi\/wp-content\/uploads\/2022\/03\/Edenred-Color_Digital-use-350x225.png 350w, https:\/\/www.salipiste.fi\/wp-content\/uploads\/2022\/03\/Edenred-Color_Digital-use-480x308.png 480w, https:\/\/www.salipiste.fi\/wp-content\/uploads\/2022\/03\/Edenred-Color_Digital-use.png 779w\" sizes=\"(max-width: 230px) 100vw, 230px\" \/>\t\t\t\t\t\t\t\t\t\t\t\t\t\t\t<\/div>\n\t\t\t\t<\/div>\n\t\t\t\t\t<\/div>\n\t\t<\/div>\n\t\t\t\t<div class=\"elementor-column elementor-col-25 elementor-top-column elementor-element elementor-element-cfee513\" data-id=\"cfee513\" data-element_type=\"column\">\n\t\t\t<div class=\"elementor-widget-wrap\">\n\t\t\t\t\t\t\t<\/div>\n\t\t<\/div>\n\t\t\t\t\t<\/div>\n\t\t<\/section>\n\t\t\t\t<section class=\"elementor-section elementor-top-section elementor-element elementor-element-58cef34 elementor-section-boxed elementor-section-height-default elementor-section-height-default\" data-id=\"58cef34\" data-element_type=\"section\">\n\t\t\t\t\t\t<div class=\"elementor-container elementor-column-gap-default\">\n\t\t\t\t\t<div class=\"elementor-column elementor-col-100 elementor-top-column elementor-element elementor-element-4d285b9\" data-id=\"4d285b9\" data-element_type=\"column\">\n\t\t\t<div class=\"elementor-widget-wrap elementor-element-populated\">\n\t\t\t\t\t\t<div class=\"elementor-element elementor-element-65344e9 elementor-widget-divider--view-line elementor-widget elementor-widget-divider\" data-id=\"65344e9\" data-element_type=\"widget\" data-widget_type=\"divider.default\">\n\t\t\t\t<div class=\"elementor-widget-container\">\n\t\t\t\t\t\t\t<div class=\"elementor-divider\">\n\t\t\t<span class=\"elementor-divider-separator\">\n\t\t\t\t\t\t<\/span>\n\t\t<\/div>\n\t\t\t\t\t\t<\/div>\n\t\t\t\t<\/div>\n\t\t\t\t\t<\/div>\n\t\t<\/div>\n\t\t\t\t\t<\/div>\n\t\t<\/section>\n\t\t\t\t<\/div>\n\t\t","protected":false},"excerpt":{"rendered":"<p>Salikortit KERTAKORTITKertamaksu\u00a0 \u00a0 \u00a0 \u00a0 \u00a0 \u00a0 \u00a0 \u00a0 \u00a0 \u00a0 \u00a0 \u00a0 \u00a0 \u00a09 \u20ac10x -salikortti\u00a0 \u00a0 \u00a0 \u00a0 \u00a0 \u00a0 [&hellip;]<\/p>\n","protected":false},"author":1,"featured_media":0,"parent":0,"menu_order":0,"comment_status":"closed","ping_status":"closed","template":"page-templates\/page_front-page.php","meta":{"_monsterinsights_skip_tracking":false,"_monsterinsights_sitenote_active":false,"_monsterinsights_sitenote_note":"","_monsterinsights_sitenote_category":0,"_uf_show_specific_survey":0,"_uf_disable_surveys":false,"footnotes":""},"class_list":["post-1625","page","type-page","status-publish","hentry"],"aioseo_notices":[],"_links":{"self":[{"href":"https:\/\/www.salipiste.fi\/index.php\/wp-json\/wp\/v2\/pages\/1625","targetHints":{"allow":["GET"]}}],"collection":[{"href":"https:\/\/www.salipiste.fi\/index.php\/wp-json\/wp\/v2\/pages"}],"about":[{"href":"https:\/\/www.salipiste.fi\/index.php\/wp-json\/wp\/v2\/types\/page"}],"author":[{"embeddable":true,"href":"https:\/\/www.salipiste.fi\/index.php\/wp-json\/wp\/v2\/users\/1"}],"replies":[{"embeddable":true,"href":"https:\/\/www.salipiste.fi\/index.php\/wp-json\/wp\/v2\/comments?post=1625"}],"version-history":[{"count":73,"href":"https:\/\/www.salipiste.fi\/index.php\/wp-json\/wp\/v2\/pages\/1625\/revisions"}],"predecessor-version":[{"id":3111,"href":"https:\/\/www.salipiste.fi\/index.php\/wp-json\/wp\/v2\/pages\/1625\/revisions\/3111"}],"wp:attachment":[{"href":"https:\/\/www.salipiste.fi\/index.php\/wp-json\/wp\/v2\/media?parent=1625"}],"curies":[{"name":"wp","href":"https:\/\/api.w.org\/{rel}","templated":true}]}}